 16.
-2f
-100 (base 2) to base 4
-10
2 (base 9) to base 7
2
Convert -2002 (base 3) to base 7.
-110
d (base 15) to base 2
1101
Convert 24 (base 8) to base 2.
10100
1 (base 14) to base 3
1
-14 (base 12) to base 5
-31
Convert -11 (base 5) to base 9.
-6
Convert -3 (base 5) to base 15.
-3
-10 (base 5) to base 4
-11
What is 1424 (base 5) in base 7?
461
-6a (base 13) to base 6
-224
What is -5 (base 13) in base 9?
-5
-1 (base 9) to base 2
-1
What is -32 (base 5) in base 10?
-17
Convert 26 (base 7) to base 6.
32
Convert -2 (base 10) to base 14.
-2
6 (base 14) to base 15
6
Convert -1 (base 6) to base 4.
-1
Convert -1001 (base 2) to base 10.
-9
-4 (base 16) to base 9
-4
Convert -2 (base 12) to base 10.
-2
-110 (base 5) to base 8
-36
What is 130 (base 4) in base 7?
40
Convert 100000 (base 2) to base 6.
52
What is 3 (base 11) in base 10?
3
What is -55 (base 9) in base 12?
-42
-216 (base 9) to base 7
-342
Convert -9 (base 11) to base 10.
-9
1314 (base 5) to base 13
131
Convert 3 (base 5) to base 13.
3
What is -3 (base 10) in base 7?
-3
-2 (base 15) to base 6
-2
Convert 87 (base 10) to base 3.
10020
Convert -1011 (base 2) to base 7.
-14
What is -7 (base 16) in base 3?
-21
Convert -6b (base 13) to base 8.
-131
Convert -1a (base 15) to base 8.
-31
3 (base 7) to base 11
3
What is 101 (base 3) in base 5?
20
What is -7 (base 15) in base 16?
-7
Convert -323 (base 6) to base 5.
-443
-1 (base 6) to base 8
-1
17 (base 14) to base 10
21
What is 13 (base 8) in base 6?
15
-1100 (base 3) to base 16
-24
Convert -2 (base 5) to base 16.
-2
What is 2 (base 12) in base 8?
2
What is -3 (base 5) in base 10?
-3
Convert -2 (base 15) to base 2.
-10
Convert 1 (base 3) to base 6.
1
-1 (base 14) to base 2
-1
What is 1f (base 16) in base 6?
51
-11 (base 14) to base 12
-13
Convert -1 (base 6) to base 10.
-1
Convert -11 (base 7) to base 4.
-20
10000110 (base 2) to base 10
134
Convert -1b (base 15) to base 7.
-35
What is 4 (base 11) in base 3?
11
0 (base 12) to base 10
0
Convert -3 (base 14) to base 6.
-3
122 (base 8) to base 15
57
45 (base 11) to base 16
31
Convert -1 (base 7) to base 15.
-1
2 (base 7) to base 4
2
-301 (base 7) to base 4
-2110
323 (base 8) to base 12
157
Convert -222 (base 3) to base 5.
-101
-3 (base 11) to base 9
-3
Convert -2 (base 15) to base 12.
-2
-4 (base 11) to base 13
-4
-4 (base 5) to base 13
-4
What is -cd (base 16) in base 11?
-177
-d (base 14) to base 13
-10
What is -10010011 (base 2) in base 4?
-2103
Convert -17 (base 15) to base 12.
-1a
Convert -2c (base 14) to base 3.
-1111
-37 (base 12) to base 2
-101011
11101 (base 2) to base 9
32
-2 (base 15) to base 13
-2
Convert -11 (base 2) to base 5.
-3
-1a9 (base 13) to base 14
-180
What is 8 (base 11) in base 5?
13
What is 44 (base 16) in base 9?
75
What is -213 (base 11) in base 13?
-169
Convert -9 (base 11) to base 4.
-21
Convert 0 (base 4) to base 13.
0
4 (base 15) to base 7
4
Convert 114 (base 13) to base 5.
1221
Convert -2 (base 9) to base 14.
-2
What is -1231 (base 4) in base 9?
-131
Convert -5 (base 9) to base 16.
-5
What is 133 (base 5) in base 12?
37
Convert 4 (base 14) to base 15.
4
10 (base 3) to base 6
3
Convert 0 (base 3) to base 9.
0
7 (base 9) to base 12
7
22 (base 5) to base 8
14
What is 1020 (base 3) in base 6?
53
330 (base 5) to base 3
10100
What is -11110 (base 2) in base 14?
-22
13 (base 4) to base 14
7
0 (base 7) to base 8
0
What is 32 (base 7) in base 11?
21
Convert aa (base 15) to base 14.
b6
What is -3 (base 10) in base 13?
-3
What is -3 (base 15) in base 14?
-3
2 (base 15) to base 16
2
What is -32 (base 11) in base 4?
-203
What is -1 (base 14) in base 15?
-1
-13 (base 15) to base 13
-15
-110 (base 5) to base 6
-50
-2 (base 5) to base 6
-2
Convert 33 (base 6) to base 16.
15
1414 (base 5) to base 10
234
4 (base 7) to base 13
4
What is 30 (base 5) in base 4?
33
Convert 13 (base 7) to base 4.
22
Convert 1001101 (base 2) to base 8.
115
Convert 3a (base 16) to base 10.
58
Convert 1a5 (base 15) to base 3.
112002
What is 8 (base 12) in base 9?
8
-51 (base 13) to base 9
-73
Convert -102 (base 5) to base 15.
-1c
What is 12 (base 11) in base 3?
111
1 (base 7) to base 5
1
What is 6 (base 11) in base 6?
10
Convert 23 (base 12) to base 2.
11011
Convert -2 (base 3) to base 15.
-2
What is -7 (base 13) in base 9?
-7
Convert -10 (base 4) to base 6.
-4
What is 0 (base 7) in base 12?
0
What is 7a (base 11) in base 16?
57
Convert 2 (base 13) to base 3.
2
Convert -87 (base 12) to base 3.
-10211
What is -10 (base 2) in base 12?
-2
Convert -12 (base 4) to base 14.
-6
What is -94 (base 10) in base 15?
-64
What is -1110 (base 3) in base 11?
-36
What is -93 (base 14) in base 5?
-1004
Convert -1 (base 14) to base 12.
-1
Convert -11 (base 4) to base 9.
-5
What is -4 (base 14) in base 8?
-4
What is 1 (base 11) in base 15?
1
-3 (base 7) to base 3
-10
3332 (base 4) to base 6
1102
What is -44 (base 8) in base 6?
-100
What is -7 (base 8) in base 10?
-7
Convert 32 (base 8) to base 13.
20
What is -2301 (base 5) in base 11?
-277
Convert -20112 (base 3) to base 2.
-10110000
-20210 (base 3) to base 15
-c3
Convert -5 (base 13) to base 3.
-12
Convert -1 (base 11) to base 3.
-1
16 (base 11) to base 6
25
-11 (base 7) to base 2
-1000
What is 1 (base 7) in base 14?
1
1201 (base 3) to base 8
56
Convert 1 (base 4) to base 12.
1
-31 (base 7) to base 2
-10110
-f (base 16) to base 3
-120
What is -36 (base 14) in base 4?
-300
Convert 100 (base 2) to base 15.
4
What is 3 (base 13) in base 15?
3
Convert -114 (base 5) to base 14.
-26
19 (base 12) to base 5
41
Convert 0 (base 14) to base 8.
0
-67 (base 14) to base 4
-1123
-8 (base 15) to base 14
-8
Convert -2102 (base 3) to base 7.
-122
204 (base 7) to base 11
93
What is -80 (base 10) in base 14?
-5a
3 (base 5) to base 3
10
Convert 11 (base 3) to base 10.
4
-1 (base 15) to base 12
-1
Convert 111 (base 5) to base 6.
51
Convert -68 (base 14) to base 16.
-5c
What is 2 (base 7) in base 11?
2
Convert -1 (base 6) to base 11.
-1
0 (base 11) to base 8
0
-42 (base 12) to base 13
-3b
-7 (base 9) to base 3
-21
Convert -76 (base 12) to base 7.
-156
0 (base 14) to base 4
0
-2 (base 3) to base 11
-2
-3 (base 15) to base 10
-3
What is -220 (base 5) in base 11?
-55
22 (base 4) to base 13
a
Convert 191 (base 12) to base 7.
511
-25 (base 10) to base 14
-1b
What is 32 (base 6) in base 11?
19
-11 (base 8) to base 7
-12
What is -9 (base 10) in base 6?
-13
What is -12021 (base 3) in base 14?
-a2
What is -1 (base 4) in base 2?
-1
25 (base 14) to base 11
30
0 (base 10) to base 16
0
What is -3 (base 8) in base 5?
-3
Convert 28 (base 15) to base 10.
38
What is 1 (base 9) in base 7?
1
-4 (base 10) to base 13
-4
Convert 3 (base 11) to base 9.
3
42 (base 5) to base 13
19
Convert 3 (base 14) to base 9.
3
167 (base 9) to base 5
1032
Convert 4 (base 5) to base 15.
4
What is 1 (base 15) in base 7?
1
What is 222 (base 4) in base 6?
110
What is 21 (base 10) in base 8?
25
Convert -2 (base 6) to base 15.
-2
What is -7 (base 12) in base 8?
-7
What is 2 (base 14) in base 7?
2
What is -1 (base 11) in base 15?
-1
Convert 9 (base 16) to base 2.
1001
-1 (base 14) to base 13
-1
What is 30 (base 13) in base 16?
27
What is -11 (base 2) in base 10?
-3
What is a (base 13) in base 16?
a
Convert 12 (base 5) to base 4.
13
What is -2 (base 11) in base 6?
-2
Convert 2d (base 15) to base 9.
47
d (base 16) to base 2
1101
-10 (base 7) to base 14
-7
What is 560 (base 8) in base 2?
101110000
What is -1 (base 11) in base 3?
-1
Convert -9 (base 15) to base 16.
-9
-50 (base 8) to base 14
-2c
-4 (base 15) to base 5
-4
What is -44 (base 7) in base 6?
-52
What is 3 (base 14) in base 4?
3
What is -33 (base 4) in base 3?
-120
-231 (base 7) to base 14
-88
What is 1 (base 4) in base 10?
1
Convert 1 (base 6) to base 15.
1
Convert 122 (base 14) to base 16.
e2
-4 (base 9) to base 3
-11
Convert 4 (base 8) to base 10.
4
What is -7 (base 9) in base 12?
-7
-316 (base 7) to base 16
-a0
-3 (base 13) to base 7
-3
Convert 1214 (base 5) to base 13.
112
-100001 (base 2) to base 6
-53
Convert -12 (base 5) to base 3.
-21
What is -221 (base 3) in base 2?
-11001
12 (base 5) to base 9
7
What is -f (base 16) in base 7?
-21
-120 (base 5) to base 13
-29
What is -1d (base 14) in base 9?
-30
Convert -7a (base 11) to base 4.
-1113
6 (base 14) to base 8
6
Convert -11 (base 10) t